Let g(d) = -d**2 - 659*d - 35385. Determine g(-59).
15
Let r(k) = k**2 - 15872*k + 412000. Calculate r(26).
4
Let i(o) = -30*o**2 - 18948*o - 37890. Determine i(-2).
-114
Let b(q) = -116*q - 2818. Calculate b(-30).
662
Let a(u) = 52*u**2 + 4951*u + 193. Give a(-95).
-852
Let i(u) = 2*u**3 - 25*u**2 - 5384*u - 83. What is i(-46)?
9
Let p(i) = 110*i + 24961. Determine p(-226).
101
Let f(p) = 7*p**2 - 1362*p - 1872. Calculate f(196).
88
Let z(a) = -3*a**2 - 8*a + 604. What is z(-15)?
49
Let g(k) = 6*k**2 - 452*k - 4609. Calculate g(-10).
511
Let s(x) = -4*x**2 - 76*x + 4970. Calculate s(-46).
2
Let m(g) = -g**3 + 371*g**2 - 356*g - 5158. Calculate m(370).
22
Let i(g) = -194*g + 3907. Determine i(25).
-943
Let r(g) = 77*g - 2926. What is r(41)?
231
Let j(u) = 30069*u + 902051. What is j(-30)?
-19
Let x(b) = 65436*b + 1374158. Give x(-21).
2
Let u(y) = -y**3 + 155*y**2 - 98*y + 15200. Calculate u(155).
10
Let p(c) = c**3 + 102*c**2 + 2693*c + 5777. Give p(-45).
17
Let d(b) = -3*b**3 - 2*b**2 + 45*b - 34. Determine d(5).
-234
Let a(b) = 199*b - 5218. Calculate a(30).
752
Let i(y) = -2*y**3 - 92*y**2 - 248*y + 239. Give i(-43).
-191
Let b(z) = -246*z - 1185. Calculate b(-5).
45
Let y(f) = f**3 + 2*f**2 + 2442*f + 12232. Determine y(-5).
-53
Let u(p) = -4324*p + 69208. Give u(16).
24
Let p(x) = -2565*x - 89237. Give p(-35).
538
Let x(k) = -6*k**3 + 80*k**2 + 95*k + 1. What is x(14)?
547
Let g(d) = -5*d**3 - 515*d**2 + 520*d - 50. Calculate g(-104).
-50
Let z(t) = -82*t + 7494. Determine z(92).
-50
Let t(a) = -39*a - 1033. What is t(-19)?
-292
Let v(b) = -b**3 - 1019*b**2 - 40110*b - 11725. Give v(-978).
11
Let z(n) = -55387*n + 775463. Calculate z(14).
45
Let q(n) = 114*n - 1642. Determine q(14).
-46
Let s(y) = -y**3 - 38*y**2 - 272*y + 1099. Determine s(-15).
4
Let b(i) = 97663*i - 2441551. What is b(25)?
24
Let c(d) = 258*d + 3411. Give c(-21).
-2007
Let r(t) = -190*t - 20105. Determine r(-104).
-345
Let l(u) = 2*u**2 + 160*u + 3065. Calculate l(-31).
27
Let q(f) = -11861*f + 225357. Calculate q(19).
-2
Let i(y) = -167*y**2 - 26717*y + 637. Calculate i(-160).
157
Let o(r) = -r**3 + 57*r**2 - 85*r + 1483. Calculate o(56).
-141
Let g(s) = -s**3 - 5*s**2 + 15841*s + 79211. What is g(-5)?
6
Let v(g) = g**3 - 103*g**2 - 1677*g + 154043. Determine v(105).
8
Let u(x) = 3*x**2 + 5461*x + 27310. Give u(-5).
80
Let f(a) = a**3 - 92*a**2 - 391*a + 684. Give f(96).
12
Let o(b) = -50*b**2 + 413*b - 592. What is o(5)?
223
Let o(s) = 18198*s + 509587. What is o(-28)?
43
Let q(w) = w**3 + 159*w**2 - 1133*w - 51315. Calculate q(-164).
17
Let k(s) = -8*s**2 - 678*s + 10126. Calculate k(13).
-40
Let f(w) = 3*w**2 + 42*w - 443. Determine f(9).
178
Let n(u) = -u**3 + 358*u**2 - 445*u + 31460. Calculate n(357).
44
Let h(l) = 742*l + 43781. Give h(-59).
3
Let k(l) = l**3 - 36*l**2 + 183*l - 8. Calculate k(30).
82
Let l(r) = -5*r**3 - 226*r**2 - 471*r + 78. Calculate l(-43).
-8
Let d(k) = -k**3 - 272*k**2 - 1156*k - 22508. Calculate d(-268).
4
Let z(r) = -6378*r - 210494. Determine z(-33).
-20
Let k(v) = 6*v**3 - 17*v**2 - 165*v - 211. What is k(-5)?
-561
Let q(o) = -o**3 + 66*o**2 + 121*o + 746. Calculate q(68).
-274
Let f(u) = -13*u**2 - 82*u + 72. Determine f(6).
-888
Let l(r) = -9*r**3 + 1544*r**2 + 684*r + 677. What is l(172)?
-11
Let g(o) = -o**3 + 425*o**2 + 712*o + 61130. Give g(427).
496
Let p(f) = -4064*f + 365766. What is p(90)?
6
Let b(s) = 13806*s + 234701. Determine b(-17).
-1
Let z(v) = v**3 - 114*v**2 - 395*v + 4814. What is z(117)?
-334
Let b(g) = g**3 + 584*g**2 + 26215*g + 35. Give b(-49).
35
Let s(k) = 284*k + 11862. Calculate s(-36).
1638
Let a(v) = -122*v - 6878. Give a(-57).
76
Let p(q) = 866*q + 3228. Calculate p(5).
7558
Let n(r) = -r**2 - 3860*r + 65946. Determine n(17).
37
Let l(h) = 3*h**2 - 77*h - 586. Give l(-7).
100
Let i(d) = 797*d + 42806. What is i(-59)?
-4217
Let i(u) = -8507*u + 433852. Calculate i(51).
-5
Let r(n) = 2468850*n + 14813099. Determine r(-6).
-1
Let b(t) = -10913*t + 46077. Determine b(4).
2425
Let y(s) = 841*s - 234927. What is y(280)?
553
Let x(t) = 2*t**2 + 975*t - 5925. Determine x(6).
-3
Let a(f) = 2*f**2 - 182*f + 1360. Determine a(80).
-400
Let u(p) = p**3 + 780*p + 7225. Determine u(-9).
-524
Let l(r) = -r**3 - 101*r**2 - 50*r - 3527. What is l(-101)?
1523
Let l(o) = -3*o**2 - 62*o + 744. Determine l(-37).
-1069
Let q(h) = -4417*h + 384276. Give q(87).
-3
Let c(a) = -a**3 + 38*a**2 - 2880*a + 109451. Determine c(38).
11
Let z(q) = -6*q**2 - 21589*q + 64777. Give z(3).
-44
Let r(p) = 43653*p - 1091331. Give r(25).
-6
Let v(c) = c**3 - 49*c**2 - 160*c - 145. Give v(52).
-353
Let a(o) = -o**3 + 710*o**2 - 498*o - 1147457. Calculate a(707).
4
Let x(g) = -20*g + 70. Give x(19).
-310
Let i(k) = -k**3 - 720*k**2 - 128922*k + 699. What is i(-334)?
31
Let x(z) = -3*z**2 - 1981*z + 101952. Give x(48).
-48
Let u(l) = -395*l + 46645. Give u(118).
35
Let g(p) = 691*p**2 - 135442*p + 1173. What is g(196)?
-3
Let k(o) = -2*o**2 - 3700*o - 3698. Calculate k(-1).
0
Let p(d) = -d**2 + 543*d + 26463. Determine p(-45).
3
Let q(z) = z**3 + 503*z**2 - 2538*z + 1884. Calculate q(-508).
868
Let u(p) = -1937*p + 5815. What is u(3)?
4
Let f(r) = -7403*r - 237019. Give f(-32).
-123
Let f(b) = b**3 + 145*b**2 + 4247*b + 27125. Determine f(-108).
17
Let f(y) = 465*y - 1724. What is f(3)?
-329
Let r(k) = -1793*k + 205266. Determine r(115).
-929
Let u(h) = -300*h**2 - 50*h + 24. Calculate u(1).
-326
Let d(t) = -122760*t + 1964139. Determine d(16).
-21
Let f(l) = l**3 - 552*l**2 - 23682*l + 47. Calculate f(-40).
127
Let j(v) = 2*v**3 - 1803*v**2 + 38703*v - 101. Calculate j(22).
9
Let c(o) = -36*o**3 - 2*o**2 + 84*o + 3. Calculate c(0).
3
Let c(n) = -n**3 - n**2 + 126*n + 267. Determine c(15).
-1443
Let n(q) = -q**3 + 3*q**2 + 370*q - 152. Calculate n(21).
-320
Let t(n) = n**2 + 18*n + 187. Give t(-16).
155
Let r(b) = -35084*b - 105261. Calculate r(-3).
-9
Let k(n) = 2*n**3 - 595*n**2 - 32379*n + 188. Calculate k(-47).
0
Let o(t) = 2*t**3 + 9*t**2 - 156*t + 430. Give o(4).
78
Let o(x) = -3*x**3 - 1232*x**2 - 866*x - 18907. Calculate o(-410).
-47
Let j(x) = -184421*x + 2213032. What is j(12)?
-20
Let d(b) = b**2 + 1243*b - 545935. Give d(344).
-7
Let n(y) = 9*y**3 + 92*y**2 + 51*y - 42. Give n(-5).
878
Let h(z) = -19*z**2 - 419*z - 740. Give h(-20).
40
Let g(j) = 2524*j - 38495. Determine g(13).
-5683
Let p(o) = 2*o**3 - 82*o**2 + 407*o + 21. Determine p(5).
256
Let x(p) = p**2 + 40*p - 358. Calculate x(-48).
26
Let d(a) = -5*a**3 + 10*a**2 + 338*a - 1021. Give d(3).
-52
Let m(s) = -190*s**2 + 2327*s - 595. Calculate m(12).
-31
Let a(v) = -v**3 + 1131*v**2 - 21096*v - 35582. Calculate a(1112).
2
Let z(k) = -13*k**2 + 256*k - 1351. What is z(23)?
-2340
Let d(v) = -7*v**3 - 161*v**2 - 893*v - 6860. Calculate d(-19).
-1
Let j(q) = 1366*q + 280016. Determine j(-205).
-14
Let u(i) = i**3 - 233*i**2 + 1852*i - 267172. Determine u(230).
88
Let b(f) = -89863*f + 3504668. Determine b(39).
11
Let y(v) = -660*v + 21010. What is y(32)?
-110
Let w(p) = -4384*p + 184110. Give w(42).
-18
Let k(o) = -3*o**2 - 240*o - 107. Give k(-74).
1225
Let m(v) = -v**3 + 827*v**2 - 13712*v + 1243987. Calculate m(812).
3
Let v(n) = -120*n**2 + 275*n + 6971. What is v(9)?
-274
Let m(l) = -37*l**3 - 9*l**2 - 25*l - 19. Calculate m(-2).
291
Let o(m) = 597*m**2 + 7173*m + 158. Determine o(-12).
50
Let x(b) = -2*b**2 - 1949*b - 217536. Determine x(-846).
-114
Let a(r) = r**3 - 8*r**2 + 71*r - 460. Give a(7).
-12
Let l(o) = 187*o + 5319. Give l(-27).
270
Let x(c) = -16549*c - 99292. Calculate x(-6).
2
Let b(z) = z**2 + 494*z + 23452. What is b(-54)?
-308
Let a(z) = 6*z**3 + 2415*z**2 - 4828*z - 10. Give a(2).
42
Let x(o) = -2*o**3 + 285*o**2 - 5872*o - 50. What is x(25)?
25
Let q(b) = 2*b**3 - 38*b**2 - 420*b - 397. Determine q(27).
-73
Let i(p) = -3*p**3 + 59*p**2 - 201*p - 760. What is i(13)?
7
Let a(h) = 24*h**3 - 1770*h**2 - 470*h + 1919. What is a(74)?
-5
Let d(j) = 135183*j + 1622262. Calculate d(-12).
66
Let q(y) = -32*y**2 - 2168*y + 2790. Give q(-69).
30
Let j(a) = 2*a**3 + 24*a**2 - 358*a + 320. Determine j(8).
16
Let z(q) = -2976*q + 324452. Give z(109).
68
Let b(s) = 3379*s - 17512. What is b(5)?
-617
Let m(v) = 5*v**3 + 17*v**2 + 1787*v + 7185. Determine m(-4).
-11
L